he remainder when 2492755 is divided by 25.
5
What is the remainder when 802953825 is divided by 207?
204
What is the remainder when 1708170 is divided by 114?
108
Calculate the remainder when 56453 is divided by 2406.
1115
What is the remainder when 706890 is divided by 88357?
34
What is the remainder when 111564 is divided by 603?
9
What is the remainder when 3023030 is divided by 1511489?
52
Calculate the remainder when 30598 is divided by 15004.
590
Calculate the remainder when 33669498 is divided by 792.
786
What is the remainder when 5787149 is divided by 5072?
5069
Calculate the remainder when 216411963 is divided by 1601.
1591
What is the remainder when 40409 is divided by 707?
110
What is the remainder when 24877155 is divided by 1382061?
57
Calculate the remainder when 1796138 is divided by 2074.
54
Calculate the remainder when 23175 is divided by 2110.
2075
What is the remainder when 16952572 is divided by 2421796?
0
What is the remainder when 560211 is divided by 40?
11
Calculate the remainder when 1949175 is divided by 249.
3
Calculate the remainder when 180418 is divided by 260.
238
Calculate the remainder when 715994 is divided by 700.
594
What is the remainder when 56464479 is divided by 386?
13
What is the remainder when 29583089 is divided by 3?
2
What is the remainder when 2528689 is divided by 282?
277
Calculate the remainder when 2346593 is divided by 82.
81
What is the remainder when 41048 is divided by 2204?
1376
Calculate the remainder when 416911 is divided by 29777.
33
Calculate the remainder when 39058 is divided by 3723.
1828
What is the remainder when 1809581 is divided by 603175?
56
What is the remainder when 667636 is divided by 133525?
11
What is the remainder when 126643 is divided by 25110?
1093
What is the remainder when 749311155 is divided by 2354?
2353
Calculate the remainder when 16297229 is divided by 43343.
261
Calculate the remainder when 392951411 is divided by 6417.
6416
What is the remainder when 17031 is divided by 17008?
23
What is the remainder when 43003513 is divided by 63427?
7
What is the remainder when 1427876 is divided by 193?
62
Calculate the remainder when 1586972 is divided by 143.
101
Calculate the remainder when 470051 is divided by 36145.
166
Calculate the remainder when 1380569 is divided by 16435.
29
What is the remainder when 2308134 is divided by 177544?
62
What is the remainder when 11798817 is divided by 183?
75
What is the remainder when 167824 is divided by 9295?
514
Calculate the remainder when 621926 is divided by 398.
250
What is the remainder when 7375136 is divided by 118953?
50
What is the remainder when 13972603 is divided by 38281?
38
What is the remainder when 57839023 is divided by 855?
838
What is the remainder when 11113282 is divided by 1092?
1090
Calculate the remainder when 244197 is divided by 48811.
142
Calculate the remainder when 432436 is divided by 4600.
36
Calculate the remainder when 356355 is divided by 37.
8
What is the remainder when 6464622 is divided by 6116?
10
Calculate the remainder when 13960693 is divided by 153414.
19
What is the remainder when 32339 is divided by 995?
499
Calculate the remainder when 17715892 is divided by 78.
64
Calculate the remainder when 646761 is divided by 646419.
342
What is the remainder when 1741547 is divided by 1409?
23
Calculate the remainder when 15908897 is divided by 36.
29
What is the remainder when 6817 is divided by 2224?
145
Calculate the remainder when 4305512 is divided by 2427.
14
Calculate the remainder when 23996 is divided by 4418.
1906
What is the remainder when 488109 is divided by 338?
37
What is the remainder when 289876 is divided by 36208?
212
What is the remainder when 187983507 is divided by 390?
387
Calculate the remainder when 6002707 is divided by 290.
287
What is the remainder when 15531 is divided by 2877?
1146
What is the remainder when 39247 is divided by 2435?
287
Calculate the remainder when 17550 is divided by 2329.
1247
Calculate the remainder when 104611 is divided by 188.
83
What is the remainder when 166772968 is divided by 210?
208
What is the remainder when 2997015 is divided by 103345?
10
What is the remainder when 164338 is divided by 2910?
1378
What is the remainder when 1273561 is divided by 62?
19
Calculate the remainder when 85647 is divided by 2452.
2279
Calculate the remainder when 58104 is divided by 8030.
1894
Calculate the remainder when 17855 is divided by 1140.
755
Calculate the remainder when 341553990 is divided by 27.
21
What is the remainder when 278500053 is divided by 371?
370
Calculate the remainder when 19815 is divided by 7717.
4381
Calculate the remainder when 13156285 is divided by 36.
13
What is the remainder when 711754 is divided by 7492?
14
Calculate the remainder when 1057531 is divided by 352498.
37
Calculate the remainder when 297856 is divided by 409.
104
Calculate the remainder when 4931088 is divided by 757.
747
Calculate the remainder when 82010 is divided by 5427.
605
Calculate the remainder when 273405 is divided by 305.
125
Calculate the remainder when 48470030 is divided by 48470030.
0
Calculate the remainder when 96343086 is divided by 22.
4
What is the remainder when 22853900 is divided by 84?
20
What is the remainder when 621 is divided by 530?
91
What is the remainder when 3538718 is divided by 636?
14
Calculate the remainder when 9344 is divided by 9102.
242
What is the remainder when 6148839 is divided by 521?
518
What is the remainder when 20681184 is divided by 96641?
10
What is the remainder when 2339084 is divided by 12585?
10859
Calculate the remainder when 8748537 is divided by 199.
99
What is the remainder when 193781 is divided by 4315?
3921
Calculate the remainder when 8379184 is divided by 291.
130
Calculate the remainder when 19724494 is divided by 127.
124
What is the remainder when 11652268 is divided by 2246?
20
What is the remainder when 439058 is divided by 62704?
130
What is the remainder when 22585 is divided by 479?
72
Calculate the remainder when 270530 is divided by 33809.
58
What is the remainder when 70456383 is divided by 273?
270
Calculate the remainder when 3304165 is divided by 3303666.
499
Calculate the remainder when 17381231 is divided by 792.
791
What is the remainder when 1488172 is divided by 533?
36
Calculate the remainder when 2193257 is divided by 185.
82
Calculate the remainder when 9872935 is divided by 82274.
55
Calculate the remainder when 796282 is divided by 42.
4
What is the remainder when 52107214 is divided by 2323?
1
Calculate the remainder when 43508 is divided by 21645.
218
What is the remainder when 31238 is divided by 15190?
858
What is the remainder when 618653 is divided by 1939?
112
What is the remainder when 140314 is divided by 1525?
14
What is the remainder when 335450 is divided by 563?
465
What is the remainder when 384002 is divided by 1805?
1342
What is the remainder when 4538986 is divided by 337?
270
Calculate the remainder when 58626 is divided by 4501.
113
Calculate the remainder when 49285524 is divided by 2628.
12
What is the remainder when 1302164 is divided by 193?
186
Calculate the remainder when 219742895 is divided by 12.
11
What is the remainder when 2132535 is divided by 3479?
3387
What is the remainder when 54507796 is divided by 972?
952
Calculate the remainder when 60067 is divided by 454.
139
What is the remainder when 4295 is divided by 4285?
10
Calculate the remainder when 9005844 is divided by 3013.
3000
Calculate the remainder when 1514367 is divided by 715.
712
What is the remainder when 436911 is divided by 132?
123
What is the remainder when 329137 is divided by 327093?
2044
What is the remainder when 501589 is divided by 83557?
247
What is the remainder when 3637605 is divided by 1703?
1700
Calculate the remainder when 3076831 is divided by 78893.
4
What is the remainder when 1057223 is divided by 146?
37
Calculate the remainder when 91975718 is divided by 241.
237
What is the remainder when 82708 is divided by 9084?
952
Calculate the remainder when 38979867 is divided by 1958.
3
Calculate the remainder when 2808559 is divided by 31.
21
Calculate the remainder when 145115 is divided by 18132.
59
What is the remainder when 50263709 is divided by